se 10 = 3*x + 5*o - 3, x + o - 1 = 0. Let v(g) = -4*g - 6. Let i(d) = x*v(d) + 3*c(d). What is i(r)?
5
Let r(h) = h**2 - 2*h + 3. Let o be (-1)/1*(-2 - -2)/(-4). Let w be r(o). Let a(q) = q - 4. Calculate a(w).
-1
Let r(q) = -q + 4. Let o = 39 + -41. Let p be -8 + (-4 - -2 - o). What is r(p)?
12
Suppose -3*i + y + 13 = 0, -i - 2*y + y + 7 = 0. Let s(n) be the first derivative of -n**4/4 + 2*n**3 - 3*n**2/2 + n - 7. What is s(i)?
11
Suppose -2*d = -2*y + 8, 2*y - 5*y + 15 = -4*d. Let p(s) = y + 7 - 13*s + s**2 + 20*s. Give p(-6).
2
Let x(z) be the third derivative of z**6/120 - 7*z**5/60 + 3*z**4/8 - 7*z**3/6 + 3*z**2. Suppose 0*i - 42 = -3*i. Suppose -30 = 9*u - i*u. Give x(u).
11
Let q(w) = w**3 - 6*w**2 + 9*w + 9. Let g be q(4). Let z(r) = -r**2 + 14*r - 12. Give z(g).
1
Let i(s) = -s**2 + 13*s + 2. Let q be i(13). Let k(c) be the second derivative of 0 + 3*c + 1/6*c**3 - 5/2*c**q. What is k(0)?
-5
Suppose 4 - 13 = 3*l. Suppose 0 = -5*o - 26 + 6. Let g be (-2)/o*(11 + l). Let k(t) = -2*t**2 + 6*t. Give k(g).
-8
Suppose 4*p - 5 - 3 = 0. Suppose -3*s = 5*m - 26, 2*s + p*m = 4*s + 4. Let v(o) = 7*o - 1. What is v(s)?
13
Let z = 180 + -25. Let g = 295 - z. Let j(h) = 3*h**3 - 2 + 138*h - g*h + 1 + 2*h**2 - 2*h**3. Determine j(-2).
3
Let y(j) be the first derivative of -j**4/4 - 2*j**3 + 5*j**2/2 + 8*j - 3. Let o = -434 + 428. What is y(o)?
-22
Let i(b) = 2*b - 1. Let r = 62 - 52. What is i(r)?
19
Let g(s) be the second derivative of s**4/12 + 5*s**3/6 - 4*s**2 + 2*s + 69. Suppose w + 1 = 3. Suppose 4 = -t - w. Determine g(t).
-2
Let r(u) = -u**3 - 5*u**2 + 6. Let w be r(-5). Suppose h - w + 11 = 0. Let s(m) = m**3 + 4*m**2 - m + 6. What is s(h)?
-14
Let q(i) be the third derivative of -i**6/120 - i**5/12 + i**4/8 - 2*i**3/3 - 431*i**2. Calculate q(-6).
14
Let m(d) = 4*d - 54. Let v be m(33). Let h = -73 + v. Let q(r) = r**3 - 5*r**2 + r - 2. Calculate q(h).
3
Let q be (-5)/15 + (-11)/3. Let t = q + 11. Let r(b) be the third derivative of -b**6/120 + b**5/10 + 7*b**4/24 + b**3/6 - 9*b**2. Calculate r(t).
1
Let y(j) be the first derivative of 3*j**2/2 + 6*j + 1. Suppose -12 = -4*a, -3*a = -4*k - 0*a + 7. Suppose -13 + 29 = -k*b. Give y(b).
-6
Let o(x) = -x**3 + 4*x**2 - 4*x + 2. Suppose -4*f + 6*f - 20 = 0. Let b = 12 - f. Let v be o(b). Let j(m) = -5*m + 2. Give j(v).
-8
Let r(f) = 3*f**2 - f. Let y = 15 - 14. Let b be r(y). Let i(h) = -3*h**2 + 5*h**2 + 4*h**3 - h - 6*h**3 + 1. Determine i(b).
-9
Let g(h) = -h**3 - 8*h**2 - 8*h. Suppose -166 = 6*d - 124. Determine g(d).
7
Let h(w) be the first derivative of -17 - 3*w - 1/3*w**3 + 3/2*w**2. Give h(2).
-1
Let a(o) = o**2 - 2*o. Let s = 6 + 4. Let x = -13 + s. Let b = -2 - x. Determine a(b).
-1
Suppose -4 = 3*k - 5*k. Suppose -k*m - 14 + 4 = 0. Let i(d) be the first derivative of -d**4/4 - 5*d**3/3 - d**2/2 - 5*d + 2. Give i(m).
0
Suppose 5*u - 66 = h - 2*h, 0 = -3*u - 5*h + 22. Let p be u/(-6)*18/(-6). Suppose 10*n = p*n + 3. Let o(k) = -7*k**2 + 1. Determine o(n).
-6
Let j(l) = -l - 9. Let w be j(-4). Let d be (w/(-10))/(3/6). Let t be d*(-16)/(-12)*-3. Let c(n) = -n**3 - 3*n**2 + 4*n + 4. Give c(t).
4
Let m(q) = 4*q**2 - 11*q**2 + 14 + 15*q**2 - 9*q**2 - 3*q. Give m(6).
-40
Let l be 15/(-10)*-1*2. Let d(z) be the first derivative of 0*z - 5 - z**l - 1/2*z**2. Give d(-1).
-2
Let r = -179 - -122. Let x = -56 - r. Let g(k) = -2*k. What is g(x)?
-2
Let b(o) = o - 9. Suppose -4*j - 8*n + 10*n = -12, 5*j - 3*n = 15. Give b(j).
-6
Suppose -2 = -4*u - 5*i - 0, 5*u + 4*i = 7. Let g(f) = 58*f**2 - 59*f**2 + u - 1 - 8*f. Determine g(-9).
-7
Suppose 17 = 5*a - 2*z + 21, -5*z + 10 = -4*a. Let r(b) = -b**2 - b - 19. Give r(a).
-19
Let k(x) = -x**3 + 3*x**2 - 2*x + 2. Suppose -5 - 3 = -2*q. Give k(q).
-22
Suppose 0 = -2*d - 3*w - 21, -2*d = 5*w - 3*w + 18. Let g = -3 - d. Let f(x) = -6*x + x**2 - 7*x + 0 + 9*x + 2. Calculate f(g).
-1
Let v(h) be the second derivative of -1/24*h**4 - 10*h - 1/2*h**3 + 0 + 4*h**2. Let i(u) be the first derivative of v(u). Determine i(0).
-3
Let u(g) = -g**3 + 7*g**2 + 7*g + 7. Suppose 26*y = 28*y - 16. What is u(y)?
-1
Let c(g) = -2*g**2 + 6*g - 3. Suppose 24 = 92*z - 86*z. Determine c(z).
-11
Let v = -3229 - -3232. Let d(o) be the second derivative of 0 + o**2 + o - 1/6*o**3. Give d(v).
-1
Let w(k) = k**2 + 3*k - 3. Suppose l - s - 12 = -2*s, 5*l = 2*s + 32. Let p be (-51)/(-6) + (-4)/l. Suppose -p = 5*f + 7. Determine w(f).
-3
Let g(m) be the third derivative of -m**6/360 + m**4/24 - 4*m**3 + 25*m**2. Let s(n) be the first derivative of g(n). Let a be (2 + 0 + -1)/1. What is s(a)?
0
Let d(o) = -3 - 4*o + 7*o**2 + 7*o - 106*o**3 + 107*o**3 + 2*o - 1. Determine d(-7).
-39
Suppose -4 + 6 = g. Let v(u) = -u - 3*u + 8 + 4*u - g*u. Determine v(6).
-4
Let n(v) = 0*v**2 - v**2 - 15 + 8 - 6*v - 1. Give n(-6).
-8
Let u be ((-2*1)/2)/(3/(-6)). Let i(y) = -9*y - u*y**2 + y**2 + 11*y. Determine i(2).
0
Let q(y) = y**2 + 5*y + 8. Let p be q(-6). Suppose -3*m + 3*z - p = 5*z, 2*z = 4*m. Let r(w) = -w**2 - 6*w - 3. Determine r(m).
5
Let n(l) = -4*l + 31. Suppose w = 2*j - 19, 0 + 11 = j - 2*w. Let t be n(j). Let s(q) = q**2 + 5*q - 2. What is s(t)?
-2
Let p(o) = -5*o**2 - 2*o - 11. Let z(n) = -2*n**2 - n - 5. Suppose 28 = -29*w + 25*w. Let j(y) = w*z(y) + 3*p(y). What is j(3)?
-4
Let a(y) = -15*y**2 - 3*y**3 + 37*y**2 + 5*y + 2*y**3 - 12*y**2 - 14*y**2 + 4. What is a(-4)?
-16
Suppose 3*g + 10 + 7 = u, 3*g = 2*u - 19. Let m(i) = 2*i**2 + 5 - 7*i**u + i**3 + 8*i**2 - 2*i. Let q = -6 + 2. Give m(q).
-3
Let b(u) be the second derivative of u**6/144 - u**5/120 - 7*u**4/3 + 12*u. Let j(w) be the third derivative of b(w). Determine j(2).
9
Let m = 572 - 577. Let p(b) = -b**3 - 4*b**2 + 3*b - 7. What is p(m)?
3
Let y(a) = -a**3 - a**2 - a - 3. Let k = 19 + -19. Suppose k = -5*q + 2*q. Calculate y(q).
-3
Let p = 155 + -158. Let t(j) = -j**2 + j**3 + 3*j**2 - j**2 - 2*j. Calculate t(p).
-12
Let p(a) be the second derivative of 1/6*a**3 + 0 + 10*a - 1/2*a**2. Let g(f) = -f**2 - f + 4. Let b be g(-3). Calculate p(b).
-3
Let n(d) = -3*d**3 + d**2 + d + 1. Let g be 40/6*(-12)/(-16). Suppose -5 = m - 4*m - 2*s, 0 = 5*m - g*s + 25. Calculate n(m).
4
Let g be 2*-1 - ((-142)/2 + -1). Let d = g - 64. Let j(k) = -k**2 + 6*k - 3. Determine j(d).
-3
Let j = 392 - 387. Let q(p) = p - 1. Let x(c) = c**2 - 3*c - 4. Let u(i) = -3*q(i) + x(i). Determine u(j).
-6
Suppose -s + 2*s = 45. Suppose -3*j = 5*b - s, 4*j + 10 = 30. Let o(v) = v**2 - 6*v. Determine o(b).
0
Let y(k) = -2*k - 6. Let t(u) = 9*u - 6. Let x be t(2). Let l be 4/(-2) + x/(-6). Determine y(l).
2
Let f(l) = -l**3 - 11*l**2 - 11*l - 8. Let w = 1 + 7. Suppose -4*c = 5*y + 50, 5*y = -w*c + 5*c - 40. Calculate f(c).
2
Let o be ((-42)/35)/(6/(-15)). Let f(c) = -5*c + 4. Let z(x) = -24*x + 20. Let v(g) = o*z(g) - 14*f(g). Give v(-4).
12
Suppose 0*y + y + 4*l = -4, -4*l - 16 = 0. Let i(c) = c + c**3 + y + 3*c**2 + 3 - 18. Determine i(-3).
-6
Let j(t) = 3*t**3 - 4*t - 3. Suppose -2*n + 0*n = -3*n. Suppose -4*u + n*u - 8 = 0. Calculate j(u).
-19
Let w(d) = d**2 + 16*d - 34. Let m be w(-18). Let o(p) = p**3 - 3*p**2. Give o(m).
-4
Suppose p - 5*p = -4. Suppose 716 + 348 = 4*z. Let r(o) = 10*o**3 - 266*o**2 - 1 + z*o**2 + o. Give r(p).
10
Let b(z) = -z - 3. Let i be b(-8). Let x(g) be the second derivative of 0 - 6*g - 1/3*g**3 - 1/2*g**2 - 1/12*g**4 + 1/20*g**i. Determine x(2).
-1
Let s be 1/(27/6 - 4). Let r(c) = -21 - c**3 + 19 + 5*c - 7*c**s + 3*c. Determine r(-8).
-2
Let t(f) be the third derivative of f**4/6 - 3*f**3/2 + 3*f**2. Suppose 3*y = -4*o + 78, 3*o - 60 = 3*y - 6*y. Suppose o = -6*s + 9*s. Calculate t(s).
15
Let s(y) = -2*y - 20. Let a be s(-8). Let p(q) = q + 6. Give p(a).
2
Let q(c) = 17405 + 17402 - 34808 - 3*c. Suppose -5*t = -0*t + 25. Determine q(t).
14
Let z = 29 + -22. Suppose -z - 8 = -5*r. Let t(c) = 6*c - 3. Let k(l) = -25*l + 13. Let a(d) = 2*k(d) + 9*t(d). Determine a(r).
11
Let i = 724 + -722. Let m(p) = -7*p**3 - 2*p**2 + 3*p - 3. Determine m(i).
-61
Suppose 6*z - z = 10. Let a(w) = -1 + 1 + z*w - 1. What is a(6)?
11
Let d(m) be the third derivative of m**7/840 - m**6/180 + m**5/30 - m**4/8 + 9*m**3/2 + 2*m**2. Let b(y) be the first derivative of d(y). Calculate b(2).
5
Suppose -2*j - 4*r = -8, -r - 3*r = -j + 10. Let l be 5/j - 5